{"id":29,"date":"2016-06-07T10:33:04","date_gmt":"2016-06-07T08:33:04","guid":{"rendered":"http:\/\/www.gasthof-hoferwirt.at\/?page_id=29"},"modified":"2026-03-08T17:17:54","modified_gmt":"2026-03-08T16:17:54","slug":"lage-anreise","status":"publish","type":"page","link":"https:\/\/www.pension-hoferwirt.at\/?page_id=29","title":{"rendered":"Lage \/ Anreise"},"content":{"rendered":"<h2><span style=\"text-decoration: underline;\"><strong>Anreise<\/strong><\/span><\/h2>\n<p>Zimmer \/ Appartements\u00a0 \u00a0 \u00a0 \u00a0 \u00a0 Check-in\u00a0 \u00a0 \u00a0 \u00a0 \u00a0 von 15.00 Uhr bis 19.30 Uhr<\/p>\n<p><span style=\"text-decoration: underline;\"><strong>Abreise:<\/strong><\/span>\u00a0 \u00a0 \u00a0 \u00a0 \u00a0 \u00a0 \u00a0 \u00a0 \u00a0 \u00a0 \u00a0 \u00a0 \u00a0 \u00a0 \u00a0 \u00a0 \u00a0 Check-out\u00a0 \u00a0 \u00a0 \u00a0 \u00a0 \u00a0bis\u00a0 \u00a0 \u00a0 \u00a0 \u00a0 \u00a0 \u00a0 9.30 Uhr<\/p>\n<p>Sie erreichen Brixen im Thale entweder mit dem Auto, per Bus und Bahn oder mit dem Flugzeug und Taxitransfer. Allgemeine Informationen zur Anreise finden Sie auf der <a href=\"http:\/\/www.kitzbuehel-alpen.com\/de\/lage-anreise.html\" target=\"_blank\" rel=\"noopener\">Website des Tourismusverbands<\/a>.<\/p>\n<p><a href=\"https:\/\/www.google.at\/maps\/dir\/Kufstein\/Gasthof-Pension+Hoferwirt,+Hof\/@47.5032841,12.0794711,12z\/data=!3m1!4b1!4m13!4m12!1m5!1m1!1s0x4776375979441037:0x5124a5e46f015bde!2m2!1d12.16275!2d47.58237!1m5!1m1!1s0x47764ae8a3d4f29d:0xbfa7e8f9fde1024!2m2!1d12.2411307!2d47.4483345\" target=\"_blank\" rel=\"noopener\">Routeplaner<\/a><\/p>\n<h3 id=\"AnreiseBusundBahn\">Mit Bus und Bahn<\/h3>\n<p>F\u00fcr die Anreise mit Bus und Bahn finden Sie auf der Website der <a href=\"http:\/\/www.oebb.at\/\" target=\"_blank\" rel=\"noopener\">\u00d6sterreichischen Bundesbahnen (\u00d6BB)<\/a> die aktuellen Verbindungen.<br \/>\nRegionalbahnhof f\u00fcr die An-\/Abreise nach\/von Brixen im Thale: <a href=\"http:\/\/www.herold.at\/gelbe-seiten\/brixen-im-thale\/6v5jG\/bahnhof-brixen-im-thale\/\" target=\"_blank\" rel=\"noopener\">Regionalbahnhof Brixen<\/a>.<br \/>\nFahrplanausk\u00fcnfte entnehmen Sie am besten der Website der <a href=\"http:\/\/www.oebb.at\/\" target=\"_blank\" rel=\"noopener\">\u00d6sterreichischen Bundesbahnen \u00d6BB<\/a>.<\/p>\n<h3 id=\"AnreiseFlugzeug\">Mit dem Flugzeug<\/h3>\n<p>Sie erreichen Brixen im Thale von den Flugh\u00e4fen <a href=\"http:\/\/www.innsbruck-airport.at\/\" target=\"_blank\" rel=\"noopener\">Innsbruck (80 km)<\/a>, <a href=\"http:\/\/www.munich-airport.de\/\" target=\"_blank\" rel=\"noopener\">M\u00fcnchen (100 km)<\/a> oder <a href=\"http:\/\/www.salzburg-airport.com\/\" target=\"_blank\" rel=\"noopener\">Salzburg (75 km)<\/a>. Mehrere Taxiunternehmen im Brixental bieten Flughafentransfers zu unserer Pension.<\/p>\n","protected":false},"excerpt":{"rendered":"<p>Anreise Zimmer \/ Appartements\u00a0 \u00a0 \u00a0 \u00a0 \u00a0 Check-in\u00a0 \u00a0 \u00a0 \u00a0 \u00a0 von 15.00 Uhr bis 19.30 Uhr Abreise:\u00a0 \u00a0 \u00a0 \u00a0 \u00a0 \u00a0 \u00a0 \u00a0 \u00a0 \u00a0 \u00a0 \u00a0 \u00a0 \u00a0 \u00a0 \u00a0 \u00a0 Check-out\u00a0 \u00a0 \u00a0 \u00a0 \u00a0 \u00a0bis\u00a0 \u00a0 \u00a0 \u00a0 \u00a0 \u00a0 \u00a0 9.30 Uhr Sie erreichen Brixen im Thale entweder mit dem Auto, per Bus und Bahn oder mit dem Flugzeug und Taxitransfer. Allgemeine Informationen zur Anreise finden Sie auf der Website des Tourismusverbands. Routeplaner Mit Bus und Bahn F\u00fcr die Anreise mit Bus und Bahn finden Sie auf der Website der \u00d6sterreichischen Bundesbahnen (\u00d6BB) die aktuellen Verbindungen. Regionalbahnhof f\u00fcr die An-\/Abreise nach\/von Brixen im Thale: Regionalbahnhof Brixen. Fahrplanausk\u00fcnfte entnehmen Sie am besten der Website der \u00d6sterreichischen Bundesbahnen \u00d6BB. Mit dem Flugzeug Sie erreichen Brixen im Thale von den Flugh\u00e4fen Innsbruck (80 km), M\u00fcnchen (100 km) oder Salzburg (75 km). Mehrere Taxiunternehmen im Brixental bieten Flughafentransfers zu unserer Pension.<\/p>\n","protected":false},"author":1,"featured_media":0,"parent":0,"menu_order":0,"comment_status":"closed","ping_status":"closed","template":"","meta":{"footnotes":""},"class_list":["post-29","page","type-page","status-publish","hentry"],"_links":{"self":[{"href":"https:\/\/www.pension-hoferwirt.at\/index.php?rest_route=\/wp\/v2\/pages\/29","targetHints":{"allow":["GET"]}}],"collection":[{"href":"https:\/\/www.pension-hoferwirt.at\/index.php?rest_route=\/wp\/v2\/pages"}],"about":[{"href":"https:\/\/www.pension-hoferwirt.at\/index.php?rest_route=\/wp\/v2\/types\/page"}],"author":[{"embeddable":true,"href":"https:\/\/www.pension-hoferwirt.at\/index.php?rest_route=\/wp\/v2\/users\/1"}],"replies":[{"embeddable":true,"href":"https:\/\/www.pension-hoferwirt.at\/index.php?rest_route=%2Fwp%2Fv2%2Fcomments&post=29"}],"version-history":[{"count":10,"href":"https:\/\/www.pension-hoferwirt.at\/index.php?rest_route=\/wp\/v2\/pages\/29\/revisions"}],"predecessor-version":[{"id":314,"href":"https:\/\/www.pension-hoferwirt.at\/index.php?rest_route=\/wp\/v2\/pages\/29\/revisions\/314"}],"wp:attachment":[{"href":"https:\/\/www.pension-hoferwirt.at\/index.php?rest_route=%2Fwp%2Fv2%2Fmedia&parent=29"}],"curies":[{"name":"wp","href":"https:\/\/api.w.org\/{rel}","templated":true}]}}