{"id":19,"date":"2016-05-30T16:09:00","date_gmt":"2016-05-30T14:09:00","guid":{"rendered":"http:\/\/www.gasthof-hoferwirt.at\/?page_id=19"},"modified":"2024-08-28T16:23:25","modified_gmt":"2024-08-28T14:23:25","slug":"start-2","status":"publish","type":"page","link":"https:\/\/www.pension-hoferwirt.at\/?page_id=19","title":{"rendered":"Start"},"content":{"rendered":"<h2>Herzlich willkommen!<\/h2>\n<p>Unser Familienfreundliches Haus liegt im Herzen von <a href=\"http:\/\/www.brixenimthale.com\" target=\"_blank\" rel=\"noopener\">Brixen<\/a>, einem idyllischen Urlaubsort am Fu\u00dfe <a href=\"http:\/\/www.tirol.at\/reisefuehrer\/ausflugstipps\/ausflugsziele\/a-bergbahnen-hohe-salve\" target=\"_blank\" rel=\"noopener\">der Hohen Salve<\/a> (1829 m).\u00a0 Die beiden Talstationen der Bergbahnen Brixen im Thale sind in 2 Minuten zu Fu\u00df zu erreichen\u00a0.<\/p>\n<p>Wir bieten Ihnen komfortable Zimmer mit Dusche\/WC , F\u00f6n , Kabel-TV, gratis\u00a0W-LAN,\u00a0\u00a0und Balkon .<\/p>\n<p>Beginnen Sie Ihren Tag mit einen gem\u00fctlichen Fr\u00fchst\u00fcck vom Buffet .<\/p>\n<p>Ein netter Aufenthaltsraum mit TV und Spielen aller Art l\u00e4dt zum geselligen Beisammensein ein.<\/p>\n<p>Oder in unserem St\u00fcberl gemeinsam\u00a0mit Familie oder Freunde\u00a0 den Tag gem\u00fctlich \u00a0ausklingen lassen.<\/p>\n<p>.<\/p>\n<h2>Sich verw\u00f6hnen lassen!<\/h2>\n<p>Sommer wie Winter ist unser Haus\u00a0ein idealer Ausgangspunkt f\u00fcr Ausfl\u00fcge und Sportliche Aktivit\u00e4ten. Erleben Sie die Natur! Wandern und Klettern in die Wundersch\u00f6ne Bergwelt, Schwimmen und Plantschen im nahen <a href=\"http:\/\/www.kitzbueheler-alpen.com\/de\/brixen-im-thale\/sommer\/badesee-freitzeitanlage.html\" target=\"_blank\" rel=\"noopener\">Schwimmbad<\/a> oder Badesee, Tennis Radfahren, Fischen, Golf und vieles mehr erwarten Sie in Herrlicher, romantischer Umgebung.<\/p>\n","protected":false},"excerpt":{"rendered":"<p>Herzlich willkommen! Unser Familienfreundliches Haus liegt im Herzen von Brixen, einem idyllischen Urlaubsort am Fu\u00dfe der Hohen Salve (1829 m).\u00a0 Die beiden Talstationen der Bergbahnen Brixen im Thale sind in 2 Minuten zu Fu\u00df zu erreichen\u00a0. Wir bieten Ihnen komfortable Zimmer mit Dusche\/WC , F\u00f6n , Kabel-TV, gratis\u00a0W-LAN,\u00a0\u00a0und Balkon . Beginnen Sie Ihren Tag mit einen gem\u00fctlichen Fr\u00fchst\u00fcck vom Buffet . Ein netter Aufenthaltsraum mit TV und Spielen aller Art l\u00e4dt zum geselligen Beisammensein ein. Oder in unserem St\u00fcberl gemeinsam\u00a0mit Familie oder Freunde\u00a0 den Tag gem\u00fctlich \u00a0ausklingen lassen. . Sich verw\u00f6hnen lassen! Sommer wie Winter ist unser Haus\u00a0ein idealer Ausgangspunkt f\u00fcr Ausfl\u00fcge und Sportliche Aktivit\u00e4ten. Erleben Sie die Natur! Wandern und Klettern in die Wundersch\u00f6ne Bergwelt, Schwimmen und Plantschen im nahen Schwimmbad oder Badesee, Tennis Radfahren, Fischen, Golf und vieles mehr erwarten Sie in Herrlicher, romantischer Umgebung.<\/p>\n","protected":false},"author":1,"featured_media":200,"parent":0,"menu_order":0,"comment_status":"closed","ping_status":"closed","template":"","meta":{"footnotes":""},"class_list":["post-19","page","type-page","status-publish","has-post-thumbnail","hentry"],"_links":{"self":[{"href":"https:\/\/www.pension-hoferwirt.at\/index.php?rest_route=\/wp\/v2\/pages\/19","targetHints":{"allow":["GET"]}}],"collection":[{"href":"https:\/\/www.pension-hoferwirt.at\/index.php?rest_route=\/wp\/v2\/pages"}],"about":[{"href":"https:\/\/www.pension-hoferwirt.at\/index.php?rest_route=\/wp\/v2\/types\/page"}],"author":[{"embeddable":true,"href":"https:\/\/www.pension-hoferwirt.at\/index.php?rest_route=\/wp\/v2\/users\/1"}],"replies":[{"embeddable":true,"href":"https:\/\/www.pension-hoferwirt.at\/index.php?rest_route=%2Fwp%2Fv2%2Fcomments&post=19"}],"version-history":[{"count":10,"href":"https:\/\/www.pension-hoferwirt.at\/index.php?rest_route=\/wp\/v2\/pages\/19\/revisions"}],"predecessor-version":[{"id":289,"href":"https:\/\/www.pension-hoferwirt.at\/index.php?rest_route=\/wp\/v2\/pages\/19\/revisions\/289"}],"wp:featuredmedia":[{"embeddable":true,"href":"https:\/\/www.pension-hoferwirt.at\/index.php?rest_route=\/wp\/v2\/media\/200"}],"wp:attachment":[{"href":"https:\/\/www.pension-hoferwirt.at\/index.php?rest_route=%2Fwp%2Fv2%2Fmedia&parent=19"}],"curies":[{"name":"wp","href":"https:\/\/api.w.org\/{rel}","templated":true}]}}